5. Let j(d) = -2*f(d) - 5*m(d). What is the units digit of j(k)?
3
What is the tens digit of -2*(-69)/6 + -2?
2
What is the tens digit of (-4 + (-44)/(-10))*105?
4
Suppose -2*k + 18 = -5*k. Let q(g) = -g**2 - 7*g + 4. What is the tens digit of q(k)?
1
Suppose -q = -0*q - 4*y + 15, -3*q - 4*y = -35. Let b(n) = 3*n - 7. Let m be b(q). Suppose -2*x + 4*r = -x - 2, -m = -4*x - 4*r. What is the units digit of x?
2
Let x(u) = u - 4. Suppose 9*j = -3*k + 4*j + 14, -4*j - 48 = -5*k. Let p be x(k). Suppose -p*m = m - 55. What is the units digit of m?
1
Suppose -3*j - 5*h + 1 = -0*j, -3*j - 1 = 4*h. What is the tens digit of -3 - 38/(1 + j)?
1
Let w(m) = m**2 - 9*m + 2. Let y be w(7). Let r be ((-3)/(-2))/(2/y). Let z(i) = -i - 5. What is the units digit of z(r)?
4
Let x = 10 - 6. Let j = 16 + -11. Suppose -o + 30 = x*o + q, -j*q + 6 = o. What is the units digit of o?
6
Let a(u) = 7*u**3 - u**2 + u + 6. What is the tens digit of a(3)?
8
Let w be (3/4)/(9/36). Suppose -3*m - 4*h + 29 = 0, 5*m - 13 = h - w. What is the units digit of -13*(-2 + m)/(-1)?
3
Suppose 0*f = 3*f. Suppose f = -s + 3*s. Suppose s*r = r - 9. What is the units digit of r?
9
Let p(u) = 3*u + 9. Suppose 0 = -v + 3*v - o - 15, 3*v = 2*o + 25. What is the units digit of p(v)?
4
Suppose -2*r - 182 = g - 2*g, 2*r = -5*g + 946. What is the units digit of g?
8
Suppose 5*x - 7*x = 4. What is the units digit of 0 - (-24 - (x + 0))?
2
Suppose -2 = -0*h - 2*h. Let u(g) = 7*g**2 + 2*g - 1. Let m(x) = 6*x**2 + 2*x - 1. Let v(q) = -2*m(q) + 3*u(q). What is the units digit of v(h)?
0
Let l = 15 - 35. Let t = -12 - l. What is the units digit of t?
8
Let k = 59 + -15. Suppose 3*m + k = 5*m. What is the units digit of m?
2
Suppose 54 = 4*t + 18. Let u be (-83)/(-9) + (-2)/t. Suppose -3*j = u - 36. What is the units digit of j?
9
What is the tens digit of ((-7)/14)/(2 - 1105/552)?
7
Suppose -4*j = -54 - 34. Let d = j - 12. What is the tens digit of d?
1
Suppose 2 + 6 = s. Let a = 3 - s. What is the units digit of (-3)/(-15) + (-19)/a?
4
Suppose -3*p = 2*x - 313, 0*x = 5*p - 2*x - 511. Let b = -71 + p. What is the tens digit of b?
3
Suppose -5*b - 60 + 345 = 0. What is the units digit of b/5 + 30/50?
2
Suppose 35*z - 31*z - 164 = 0. What is the tens digit of z?
4
Let z(h) = h**3 - 4*h**2 - 7*h + 11. What is the hundreds digit of z(7)?
1
Let z = -10 + 17. Suppose 28 = 5*k - z. What is the units digit of k?
7
Suppose -4*o + 2*c = -1438, 0 = -3*o + c + 489 + 589. What is the hundreds digit of o?
3
Let a(q) = q**3 - 5*q**2 - 5*q - 4. Let l be a(6). Let u be 10*((-4)/(-10) + 0). Suppose -i + u = -l. What is the units digit of i?
6
Let i be ((-5)/2 + -1)*4. Let o = -7 - i. What is the units digit of o?
7
Suppose 0*a + 4*a + 160 = 5*s, 3*s + 5*a = 133. What is the units digit of s?
6
Let j(i) = i**2 - 9*i + 9. Let o(s) = s**3 + 9*s**2 + 6*s + 6. Let y be o(-8). Suppose -3*q = 3*k - 24, -y = -3*k - 2*q + 3. What is the units digit of j(k)?
9
Let c(w) = -w**2 - 10*w - 6. What is the units digit of c(-7)?
5
Let d(j) = -j**2 - j. Let n be d(6). Let h = -4 - n. What is the tens digit of h?
3
Suppose -7 = -x + 2*x. Let a = x - -8. What is the units digit of a?
1
Suppose -21 = -4*c + 11. Let j be ((-2)/5)/((-2)/10). Suppose o + c = j*o. What is the units digit of o?
8
Let y = 27 + -9. What is the tens digit of y?
1
Let b = 6 + -7. Let a(i) = -22*i - 1. What is the units digit of a(b)?
1
Let i(w) be the third derivative of 2/15*w**5 + 0*w - 2/3*w**3 + 1/120*w**6 + 0 + 1/3*w**4 + 3*w**2. What is the units digit of i(-6)?
0
Let a = 1 - 1. Let t(o) = -o**3 - o + 20. What is the units digit of t(a)?
0
Suppose t - 201 = 4*o, 3*t + o + 96 = 751. What is the tens digit of t?
1
Suppose 2*k = k - 1. Let v = k - -15. What is the units digit of v?
4
Let d(w) = -w - 6. Let f be d(-4). What is the units digit of 1 + f/2 + 9?
9
Let n = -7 + 11. Suppose -2 = 2*b - b, -10 = -n*c + b. What is the units digit of c?
2
Suppose 3*l = -0*l + 255. What is the tens digit of l?
8
Suppose -y + 47 = -p, -4*y - 3*p + 160 + 14 = 0. What is the units digit of y?
5
Let r = -2 + 2. Suppose 2*g + 5*s - 3 = 0, r*s + 15 = 3*g - 3*s. What is the units digit of g?
4
Let q be (1/(-2))/((-2)/16). Suppose -15 = -2*w - w. Suppose -q*c + 16 = -y, -4*c + 0*y + 40 = w*y. What is the units digit of c?
5
Let k = 17 + -12. Suppose n - k*n = -88. What is the units digit of n?
2
Let g = 1 - -5. Let w be -16*-2*g/(-16). Let u = -2 - w. What is the units digit of u?
0
Let n = 924 + -510. What is the tens digit of n/21 - (-2)/7?
2
Let f(z) = 2*z + 11. What is the units digit of f(-4)?
3
Let l = 12 + -8. Let s(z) = z - 1. Let r be s(l). What is the units digit of 3*3/9*r?
3
Let g be (-1)/(48/15 - 3). Let l(a) = -2*a - 3. What is the units digit of l(g)?
7
Let p = -51 - -79. What is the units digit of p?
8
Suppose 0 = -2*x + 154 - 24. What is the tens digit of x?
6
Let o = -24 + 52. What is the units digit of o?
8
What is the tens digit of 9/(-6)*(-80)/3?
4
Let w = 27 - -35. What is the tens digit of w?
6
Let g(t) = 3*t - 31. What is the units digit of g(14)?
1
Suppose k + 0 = -1, k = -3*y - 67. What is the tens digit of -1 + 1 + y/(-2)?
1
Let s be (0 + 1)*(-54)/1. What is the tens digit of (s/8)/((-6)/16)?
1
Let x be 0/(3*6/9). Let i = x + -2. What is the units digit of (-9 + 3)*(i + 1)?
6
Suppose j - c - 43 = 0, j - 13 = -5*c - 0*c. What is the units digit of j?
8
Let m = 29 - 10. What is the tens digit of m?
1
Let t(g) = 2*g**3 - 6*g**2 + 5*g - 1. What is the tens digit of t(4)?
5
Suppose -2*y + 51 = 9. What is the tens digit of y?
2
Let t(o) = -23*o - 17. What is the units digit of t(-11)?
6
Suppose 4*g - a = 19, 16 = -5*a + 1. Suppose -g*p - 2 = -22. What is the units digit of p?
5
Suppose 0 = 2*l + 3*l + 5*c - 150, 4*l = 4*c + 136. What is the units digit of l?
2
Suppose -4*f = -0*f + 16. Suppose -3*s = -0*s - 18. Let m = f + s. What is the units digit of m?
2
Let o(f) = 4 + 4*f**2 + 2*f**2 + 6*f + 0*f**3 + f**3. Let d be o(-4). What is the units digit of 112/d - 2/6?
9
Let l = 18 + -12. Suppose i = 2*w - 2, -i = -5*w + 3*i - 1. Suppose 0 = 2*x - w*o - 8, -l = -2*o - 2. What is the units digit of x?
7
Let h = -82 + 141. Suppose -5*a - m - 11 = -h, -a + 16 = -3*m. Suppose 0 = -x + a - 0. What is the tens digit of x?
1
Let g = -3 - -2. Let n = 1 + g. Suppose 2*t = j - 1, t + n*t + 3*j = 10. What is the units digit of t?
1
What is the units digit of 14/(-7) + (1 - -3)?
2
Suppose 5*r - d = 21, 2*r = 5*d - 6 - 4. Suppose 4*l - 35 = -r*m, 5*l + 2*m - 3*m - 22 = 0. What is the units digit of l?
5
Let a = -30 - -99. What is the units digit of a?
9
Let d be -6 + 3 + 0 + 3. Suppose 2 = k + t - 0, d = -4*t - 8. What is the units digit of k?
4
Suppose 5*p - 33 = -0*p + 3*v, 0 = -4*p - v + 23. Suppose p*t = 3*t + 12, -d = 4*t - 8. Let o = -4 - d. What is the units digit of o?
4
Let c(l) = l**3 - 8*l**2 + 7*l + 3. Let g be c(7). Suppose -x - g*x = -48. What is the units digit of x?
2
Let l(z) = z - 3. Let m be l(6). Suppose 0 = 2*h + m*h - 20. Suppose 0 = 5*s, h*s + 2 = b - s. What is the units digit of b?
2
Suppose 0 = 2*j - 5*j + 30. Let s(n) = n - 1. What is the units digit of s(j)?
9
What is the units digit of 470/14 + (-9)/(-21)?
4
Let c = 7 - 5. Let f = 2 + 8. Let d = f - c. What is the units digit of d?
8
Let h(b) = -b**3 - 5*b**2 + 7*b + 8. Suppose -1 - 5 = y. Let s be h(y). Suppose 5*d = s*z + 55, -d + 32 - 3 = -4*z. What is the units digit of d?
9
Let b = 3 - 4. Let s be b - (2 - 6 - 1). Suppose -9 = d - s*d. What is the units digit of d?
3
Suppose u + 8 = 19. What is the units digit of u?
1
Let f(q) = -4*q. Let y be f(1). What is the units digit of (90/(-12))/(2/y)?
5
Let b(r) = r**3 - 5*r**2 - 2*r + 6. Let q be b(5). Let z(t) be the first derivative of -t**2 - 5*t - 4. What is the units digit of z(q)?
3
Let d(n) = -7*n + 6. Let z(w) = 6*w - 7. Let a(u) = 4*d(u) + 5*z(u). What is the units digit of a(9)?
7
Suppose -19 = -5*z - 4*d + 3*d, 2*z + 10 = 4*d. Suppose 3 + 12 = i + z*h, -4*i - 3*h = -51. Suppose 4 = -b + i. What is the units digit of b?
8
Suppose 3*q + 2*k = -0*q + 618, k = -3. What is the units digit of q?
8
Let l(m) = 4*m - 2. Suppose -2*u - 1 = b - 4*b, -4*u + 4*b + 8 = 0. Let f = u - 4. What is the tens digit of l(f)?
1
Let x = -23 - -14. Let w = x -